 and 30?
10
Calculate the greatest common divisor of 24 and 1128.
24
What is the greatest common factor of 4 and 20?
4
Calculate the greatest common divisor of 35 and 125.
5
What is the highest common divisor of 21306 and 212?
106
Calculate the greatest common factor of 1908 and 180.
36
Calculate the greatest common factor of 27098 and 102.
34
What is the highest common divisor of 96 and 312?
24
What is the greatest common divisor of 90 and 27?
9
What is the highest common factor of 39 and 3237?
39
Calculate the greatest common divisor of 1512 and 420.
84
What is the greatest common divisor of 82 and 82?
82
What is the highest common factor of 1180 and 4248?
236
What is the highest common factor of 56 and 16?
8
Calculate the highest common divisor of 341 and 11.
11
What is the highest common divisor of 14 and 455?
7
Calculate the highest common factor of 8 and 354.
2
Calculate the highest common factor of 473 and 55.
11
Calculate the highest common divisor of 5175 and 138.
69
Calculate the highest common factor of 45 and 1135.
5
Calculate the highest common factor of 1887 and 51.
51
Calculate the greatest common divisor of 1139 and 17.
17
What is the greatest common factor of 164 and 287?
41
What is the highest common divisor of 192 and 36?
12
What is the highest common divisor of 21 and 2079?
21
What is the greatest common factor of 288 and 63?
9
Calculate the highest common factor of 62 and 2325.
31
What is the highest common factor of 492 and 60?
12
Calculate the greatest common factor of 28 and 91.
7
Calculate the greatest common divisor of 21 and 15.
3
Calculate the highest common divisor of 20358 and 116.
58
What is the highest common factor of 250 and 142250?
250
Calculate the highest common divisor of 74 and 185.
37
Calculate the greatest common factor of 11 and 88.
11
Calculate the highest common divisor of 23188 and 561.
187
What is the greatest common factor of 1791 and 6?
3
What is the highest common divisor of 30 and 20?
10
Calculate the greatest common factor of 124 and 1550.
62
Calculate the highest common divisor of 187 and 289.
17
What is the highest common factor of 572 and 528?
44
What is the highest common factor of 16 and 1544?
8
Calculate the greatest common factor of 768 and 2268.
12
Calculate the highest common factor of 378 and 72.
18
What is the greatest common divisor of 240 and 800?
80
What is the greatest common divisor of 12217 and 133?
19
What is the highest common divisor of 162 and 90?
18
What is the greatest common factor of 11 and 341?
11
Calculate the highest common divisor of 170 and 1445.
85
What is the greatest common factor of 2736 and 2304?
144
What is the highest common factor of 50 and 1675?
25
What is the highest common factor of 628 and 4867?
157
What is the highest common factor of 35 and 15?
5
What is the highest common divisor of 210 and 98?
14
What is the greatest common factor of 396 and 18?
18
What is the highest common divisor of 434 and 558?
62
What is the greatest common divisor of 343 and 147?
49
What is the greatest common divisor of 136 and 18462?
34
What is the greatest common divisor of 93 and 124?
31
Calculate the greatest common divisor of 195 and 1599.
39
What is the highest common divisor of 10 and 52?
2
What is the highest common divisor of 103 and 1?
1
Calculate the greatest common factor of 518 and 814.
74
What is the greatest common factor of 4654 and 78?
26
What is the highest common factor of 80 and 2820?
20
Calculate the greatest common factor of 253 and 66.
11
What is the greatest common factor of 172 and 8?
4
What is the highest common divisor of 220 and 704?
44
What is the greatest common divisor of 2007 and 17171?
223
What is the highest common divisor of 33 and 286?
11
What is the highest common divisor of 5 and 11?
1
What is the greatest common divisor of 2 and 634?
2
Calculate the greatest common divisor of 16 and 188.
4
Calculate the highest common factor of 378 and 459.
27
Calculate the greatest common factor of 1218 and 116.
58
What is the highest common divisor of 8 and 548?
4
Calculate the highest common factor of 33 and 15.
3
Calculate the highest common factor of 44 and 2824.
4
What is the highest common divisor of 303 and 1313?
101
Calculate the highest common factor of 170 and 76.
2
Calculate the highest common divisor of 533 and 82.
41
Calculate the highest common divisor of 192 and 3096.
24
Calculate the highest common divisor of 946 and 1376.
86
Calculate the highest common factor of 477 and 4717.
53
What is the greatest common factor of 8264 and 8?
8
What is the greatest common divisor of 33 and 495?
33
What is the greatest common divisor of 29 and 87?
29
What is the greatest common divisor of 36 and 2412?
36
What is the greatest common factor of 15552 and 768?
192
What is the greatest common divisor of 100 and 1675?
25
What is the highest common factor of 946 and 688?
86
What is the highest common factor of 146 and 2?
2
What is the highest common factor of 16 and 976?
16
Calculate the greatest common factor of 21 and 966.
21
What is the greatest common divisor of 42 and 1106?
14
Calculate the highest common factor of 576 and 45.
9
What is the highest common divisor of 70 and 2954?
14
What is the greatest common divisor of 25185 and 1380?
345
Calculate the highest common divisor of 160 and 112.
16
What is the greatest common factor of 26 and 91?
13
What is the highest common factor of 6 and 69?
3
What is the highest common divisor of 645 and 344?
43
Calculate the highest common factor of 565 and 339.
113
Calculate the highest common divisor of 1628 and 111.
37
What is the greatest common divisor of 82 and 287?
41
Calculate the greatest common factor of 78 and 3718.
26
What is the highest common divisor of 8352 and 720?
144
Calculate the highest common divisor of 1064 and 4712.
152
What is the highest common divisor of 200 and 25?
25
What is the greatest common divisor of 504 and 6328?
56
What is the highest common factor of 2783 and 3289?
253
Calculate the greatest common factor of 4526 and 438.
146
What is the highest common factor of 637 and 26?
13
Calculate the greatest common factor of 18 and 450.
18
What is the highest common divisor of 403 and 1534?
13
Calculate the highest common factor of 7747 and 183.
61
Calculate the greatest common factor of 6 and 1398.
6
Calculate the highest common factor of 95 and 87115.
95
Calculate the highest common divisor of 3185 and 70.
35
What is the greatest common divisor of 5046 and 58?
58
Calculate the highest common divisor of 228 and 32.
4
Calculate the highest common factor of 28 and 1708.
28
What is the highest common divisor of 164 and 4428?
164
Calculate the highest common divisor of 1976 and 624.
104
What is the highest common factor of 60 and 1740?
60
What is the greatest common divisor of 33 and 2?
1
What is the highest common divisor of 12 and 2550?
6
What is the greatest common divisor of 95 and 855?
95
Calculate the greatest common divisor of 18 and 486.
18
Calculate the greatest common divisor of 108 and 297.
27
What is the greatest common factor of 1003 and 153?
17
What is the greatest common factor of 740 and 962?
74
What is the greatest common factor of 860 and 516?
172
What is the highest common factor of 259 and 481?
37
Calculate the greatest common factor of 369 and 63.
9
What is the greatest common factor of 52 and 20644?
52
What is the highest common factor of 49 and 197323?
49
What is the highest common factor of 200 and 4275?
25
What is the greatest common factor of 390 and 22750?
130
What is the greatest common divisor of 32 and 5536?
32
Calculate the greatest common factor of 209 and 19.
19
What is the greatest common factor of 84 and 3756?
12
Calculate the greatest common divisor of 532 and 988.
76
Calculate the greatest common divisor of 115 and 15.
5
Calculate the highest common factor of 92 and 10396.
92
Calculate the highest common factor of 94 and 1927.
47
What is the highest common divisor of 55 and 2420?
55
Calculate the highest common divisor of 124 and 1519.
31
Calculate the highest common divisor of 26 and 468.
26
Calculate the greatest common factor of 288 and 648.
72
Calculate the greatest common factor of 9 and 288.
9
What is the greatest common divisor of 36 and 5553?
9